 j and 496?
62
Let a(q) = 4*q**2 - 21*q + 14. Let x(p) = 9*p**2 - 40*p + 28. Let j(t) = 5*a(t) - 2*x(t). Let w be j(21). What is the highest common divisor of w and 106?
53
Let k(n) be the first derivative of 65*n**2/2 - 8*n - 107. Let p be k(4). Calculate the highest common factor of 90 and p.
18
Let b be (((-8)/(-32))/((-6)/36))/(1/(-14)). Suppose r + 2331 = 4*r. What is the greatest common divisor of b and r?
21
Let s be 81 - 23/(69/(-24)). What is the greatest common divisor of 7031 and s?
89
Let d(l) = 47*l - 32. Let o(y) = -2*y + 1. Let w(z) = -2*d(z) - 18*o(z). Let t be w(-5). What is the highest common factor of t and 42?
42
Let g(n) = -171*n - 18. Let b be g(1). Let l = -108 - b. What is the greatest common divisor of l and 135?
27
Let z be -254*((-3)/(-6))/(-1). Suppose -5*f + 103 = 5*n - z, 104 = 2*n - f. Let a = -500 + 600. Calculate the greatest common factor of n and a.
50
Suppose -110*u + 9 = -101*u. Suppose -5*m - 4*y + 65 = 10, -33 = -3*m + 4*y. What is the highest common factor of u and m?
1
Suppose -12*n = -5*n - 427. Let t = 51 + -79. Let u = n + t. What is the greatest common divisor of 11 and u?
11
Let i = -159 + 103. Let t = -34 - i. Let z(y) = -12*y + 28. Let x be z(-5). Calculate the greatest common divisor of x and t.
22
Suppose -214*h + 5732 + 1972 = 0. Let s(q) = 3*q**3 - q**2 + 6*q - 2. Let u be s(4). What is the greatest common factor of h and u?
18
Suppose -18 = 24*i - 22*i. Let x be (-8 - 297/i)*48/20. Calculate the greatest common divisor of 105 and x.
15
Let c(a) = 19*a + 456. Let w be c(-23). What is the greatest common factor of 1159 and w?
19
Suppose 0 = -10*t + 8*t. Suppose t = -q - 3*q + 276. Let r = q + -53. What is the greatest common divisor of r and 8?
8
Suppose -b = -s - 177, 3*b = -3*s - s + 545. Calculate the greatest common factor of b and 3.
1
Let q(v) be the second derivative of -v**5/20 - 5*v**4/12 - v**3/3 + v**2/2 + 66*v. Let o be q(-6). What is the highest common factor of o and 21?
7
Suppose 25*d - 26*d + 53 = -3*u, 0 = d + 2*u - 18. What is the greatest common factor of 2768 and d?
16
Suppose 4*f = -4*c - c + 370, 2*c - 131 = -5*f. Let z = -31 - -32. Let r be (1 + -1)*z + (-1 - -27). What is the highest common divisor of c and r?
26
Let g(w) = 3*w + 66. Let t be g(-13). Suppose -8 = 25*z - t*z. What is the greatest common divisor of 100 and z?
4
Let f be 5 + (506 - (-9)/((-90)/(-40))). Calculate the greatest common divisor of f and 1751.
103
Let p be (-1 + 2)/(14/140). Suppose 18 + p = m. What is the greatest common divisor of 378 and m?
14
Let z be -96*((-5)/(-15))/(4/(-8)). Let f = -19 + z. Suppose -8*k + 75 = -3*k. Calculate the greatest common divisor of f and k.
15
Suppose -20 = -i - 4*k + 3*k, 3*i - 4*k = 95. Let u = i - -5. Suppose 25*g - u*g + 2000 = 0. Calculate the highest common divisor of g and 50.
50
Let c = -814 - -828. Let r(m) = m**3 - 19*m**2 + 93*m - 31. Let v be r(c). Calculate the highest common factor of v and 3.
3
Let v(c) = 2*c**3 + c**2. Let b be v(1). Let r(w) = 3*w - 2. Let a be r(b). Let n be -2 + 21 - (-14 + 5 + 7). What is the highest common divisor of a and n?
7
Let n(y) be the third derivative of 5*y**4/4 + 5*y**3/6 + 2*y**2. Let z be n(4). What is the greatest common divisor of z and 50?
25
Let i = 19142 - 18895. Calculate the highest common divisor of 323 and i.
19
Let x(q) = 71*q**2 - 2*q - 1. Let s be x(-1). Let w be 130/105 + 22/231 + 40/6. Calculate the highest common factor of w and s.
8
Suppose 8*h = 5*h + 69. Suppose -5*p + 5*y = -440, -95 = -3*p + y + 177. Calculate the greatest common divisor of p and h.
23
Let x = 199 - 326. Let p = 237 + x. Suppose -4*i - 2 = -178. What is the greatest common divisor of i and p?
22
Let z be 75/6 + (21/14)/(-3). Suppose 0 = -5*b - 2 + z, -3*b = -3*i + 15. Calculate the highest common factor of 133 and i.
7
Let o = -85 + 291. Suppose 194 = 2*m - o. What is the greatest common divisor of 80 and m?
40
Suppose 0 = -5*d + 5*h + 1860, -4*d + 896 = 2*h - 574. What is the highest common divisor of 36 and d?
9
Let x be -33*69/(-253)*(-64)/(-3). Calculate the greatest common divisor of 912 and x.
48
Let f be (80/(-24))/(2/(-30)). Let b be 12*33 - (-3 + -1). What is the highest common divisor of b and f?
50
Let s be ((-18)/(-16))/((-627)/(-43472)). What is the greatest common factor of s and 2496?
78
Let t(m) = m**2. Let q be t(0). Suppose 106 = 11*x + 7. Suppose q*l - 45 = -x*l. Calculate the greatest common factor of 5 and l.
5
Let p be (192/(-112))/(2/(-63)). Suppose -241*v + 253*v - 1728 = 0. Calculate the greatest common factor of p and v.
18
Let y be 36/45 + (-86)/(-5). Let s be (-22)/(-77) + (-108)/(-14). Suppose -13*n = -9*n - s. Calculate the greatest common divisor of n and y.
2
Let b be 6 - (13 - (2 + 1929)). Calculate the highest common factor of 156 and b.
52
Suppose 2*i = -5*q, 178*q + 27 = i + 176*q. What is the highest common divisor of 925 and i?
5
Suppose 7*t = 68 + 23. Let r(k) be the first derivative of -k**4/4 + 4*k**3 + 7*k**2 + 3*k - 1. Let d be r(t). What is the greatest common factor of d and 8?
8
Let u = 12750 - 10450. What is the greatest common factor of u and 320?
20
Let h(c) = -c + 14. Let v be h(10). Suppose 3*s + 3*f = 7*s - 8, 3*f = -3*s + 27. Suppose -s*u = -4*u - v. What is the greatest common divisor of u and 32?
4
Let l = 5 + 1. Let h be (-88)/(-40) + (-1)/5 + 13. Let o(b) = -b**3 + 15*b**2 + 3*b - 15. Let k be o(h). Calculate the highest common factor of l and k.
6
Suppose 4*f = r + 394, 127 = f - 4*r + 21. Let s = f + -83. What is the greatest common divisor of s and 210?
15
Let j = 14469 - 14459. Calculate the highest common divisor of j and 109.
1
Suppose 0 = 2*q + 3*z - 21, 0 = -q + 8*z - 4*z - 17. Suppose q*l - o - 2 = 0, -l - 1 = o - 7. Calculate the highest common divisor of 4 and l.
2
Let d(u) = 4*u**2 - 9*u + 30. Let a(g) = 22*g - 79. Let o be a(4). Let x be d(o). What is the highest common divisor of 21 and x?
21
Let j(c) = 8*c**2 + 7*c - 6. Let v(h) = h + 1. Let a(q) = j(q) - 2*v(q). Let k be a(-6). What is the highest common divisor of k and 50?
50
Let z = 2698 + 3702. Calculate the greatest common factor of z and 75.
25
Let l(f) = 27*f + 234. Let i be l(3). What is the highest common divisor of 420 and i?
105
Let g be 176/20 + (-2)/(-10). Suppose h - 60 = -g*h. Let m be h/9 - 2485/(-21). What is the greatest common factor of 17 and m?
17
Let c be (-2 + 34)*(-5)/(-4). Suppose -6*d + 51 = -3*d. Let u = d + -7. Calculate the greatest common factor of c and u.
10
Let y be -4*25/20 - -5. Suppose 40*f - 1289 - 1711 = y. Calculate the highest common factor of f and 195.
15
Let k = 4601 - 4505. Let d(l) = 2*l**3 - 5*l**2 - 5*l + 4. Let h be -5*((-6)/(-5) - 2). Let y be d(h). Calculate the greatest common divisor of y and k.
32
Let f(m) = -35*m + 33. Let l be f(2). Let k(x) = 7*x - 25. Let r be k(11). Let t = r + l. What is the highest common factor of t and 120?
15
Let a be (72/(-21))/(4/(-14)) - -4. Suppose -9*s = -38 - a. Calculate the greatest common factor of s and 22.
2
Let w(p) = -2*p**3 + 18*p**2 - 13*p + 72. Let a be w(6). Suppose 0 = -5*s + 34 + 116. What is the greatest common factor of s and a?
30
Let m be (-2 + 1 - -3) + 74. Suppose 1012*c - 1041*c = -551. Calculate the greatest common divisor of m and c.
19
Let s be 0 + 3*4/3. Suppose 2*f - 79 = c, -3*c - 32 - 125 = -s*f. Let i be 7*-1*20/(-14). Calculate the highest common factor of f and i.
10
Let z be (6/(-4))/(12/(-2296)). Let t = z + -276. What is the highest common divisor of 55 and t?
11
Suppose 2*z = -6, -1511 + 1524 = 4*o + z. What is the greatest common divisor of o and 433?
1
Let y(d) = -48*d**3 - 4*d - d**3 - 2*d**2 - 3 - 32*d**3. Let s be y(-1). Calculate the highest common divisor of 64 and s.
16
Suppose 508 = -10*s + 2678. Let a = s + -81. Calculate the highest common divisor of 16 and a.
8
Let x = -2675 - -2843. Calculate the highest common divisor of x and 154.
14
Let j be (7/(-7))/(2 - 93/45). Let f be (0 + -7)*(8 + 860/(-70)). Calculate the greatest common factor of f and j.
15
Suppose -4*s - 2*i - 178 = 0, -3*s + 44 = -3*i + 191. Let r = s - -70. Suppose 2*b = 11 + 13. Calculate the greatest common factor of b and r.
12
Suppose -6 = 4*v + 2. Let k be ((-121)/(-2))/((-1)/v). Suppose -4*a + 163 = 